True
Is 1816091 composite?
False
Is 25577369 a composite number?
False
Is 34636153 prime?
True
Is 31567213 a composite number?
False
Is 307250909 a composite number?
True
Is 3352781 a prime number?
False
Is 1785554 a composite number?
True
Is 30602543 a composite number?
False
Is 342863 a composite number?
False
Is 1026315505 prime?
False
Is 13015073 a composite number?
False
Is 13303183 prime?
True
Is 1178521 composite?
False
Is 7467707 composite?
True
Is 23931007 composite?
False
Is 41567639 a composite number?
False
Is 96949897 composite?
True
Is 4981677 prime?
False
Is 3867649 a composite number?
False
Is 3624343 a composite number?
True
Is 2216783 a composite number?
True
Is 110903077 a prime number?
False
Is 5647559 prime?
True
Is 744637237 a prime number?
True
Is 148290463 a prime number?
False
Is 78147883 a composite number?
True
Is 24653 a composite number?
True
Is 1254281513 prime?
True
Is 19770877 composite?
True
Is 180521 a composite number?
True
Is 1579885 a composite number?
True
Is 12835106 composite?
True
Is 9201287 prime?
True
Is 13850443 a composite number?
False
Is 213737 composite?
False
Is 256943 prime?
False
Is 3259537 composite?
True
Is 4657501 a composite number?
True
Is 2581367 composite?
False
Is 97787341 composite?
True
Is 12036191 prime?
False
Is 15361439 prime?
True
Is 3698647 a composite number?
False
Is 18147277 a prime number?
True
Is 111095189 a composite number?
True
Is 6504647 a prime number?
True
Is 4060601 prime?
True
Is 30952855 prime?
False
Is 182157 prime?
False
Is 14241323 a composite number?
True
Is 20459459 a prime number?
True
Is 3017563 a composite number?
True
Is 80007065 composite?
True
Is 102838269 prime?
False
Is 53437 a prime number?
True
Is 4528463 a composite number?
True
Is 3071605 prime?
False
Is 121763 prime?
True
Is 67615271 composite?
True
Is 4101434 a prime number?
False
Is 109794163 prime?
True
Is 265313 a composite number?
False
Is 40596089 a composite number?
False
Is 2125919 a prime number?
True
Is 4044197 a composite number?
True
Is 1734827 composite?
False
Is 289211 prime?
False
Is 218176139 composite?
False
Is 17256601 composite?
True
Is 17194121 composite?
True
Is 98929867 a prime number?
False
Is 529097 composite?
False
Is 59609037 composite?
True
Is 100645199 composite?
False
Is 67768717 a prime number?
False
Is 4738229 composite?
True
Is 270241793 a composite number?
False
Is 75625723 a composite number?
True
Is 411677263 composite?
False
Is 1778941 composite?
True
Is 17898049 a composite number?
True
Is 5251507 composite?
False
Is 28896907 composite?
True
Is 14062343 composite?
False
Is 44839391 prime?
True
Is 77274137 a prime number?
False
Is 1683649 composite?
True
Is 204160507 a composite number?
True
Is 21030095 prime?
False
Is 94884287 a composite number?
False
Is 349969 a composite number?
True
Is 3821017 a prime number?
False
Is 69057831 a prime number?
False
Is 3801757 prime?
True
Is 12642457 a prime number?
True
Is 100073335 composite?
True
Is 27858269 composite?
False
Is 361021673 prime?
False
Is 64128653 prime?
True
Is 37468663 prime?
False
Is 43169627 a prime number?
True
Is 627859 a prime number?
True
Is 1770019 a prime number?
False
Is 324521677 composite?
False
Is 5960161 prime?
False
Is 57277877 a composite number?
False
Is 1154533 a prime number?
False
Is 16521641 composite?
False
Is 7415959 a prime number?
False
Is 13416019 prime?
True
Is 203488591 a composite number?
True
Is 2621387 prime?
True
Is 9402383 a prime number?
False
Is 301261 prime?
False
Is 51778729 prime?
True
Is 21133627 a composite number?
True
Is 3401081 prime?
True
Is 213412049 composite?
False
Is 45293467 a prime number?
False
Is 2513543 prime?
False
Is 6099647 a prime number?
False
Is 11481247 a composite number?
False
Is 77200778 prime?
False
Is 368299579 a composite number?
True
Is 578885 a prime number?
False
Is 7452271 prime?
True
Is 19109645 a prime number?
False
Is 75013607 a composite number?
False
Is 4011019 a composite number?
True
Is 449591 a composite number?
False
Is 3790187 a prime number?
True
Is 23894687 composite?
False
Is 44770021 prime?
True
Is 98989 prime?
False
Is 12607349 a prime number?
True
Is 3642259 composite?
True
Is 23416321 a prime number?
False
Is 41399959 prime?
False
Is 56367373 a prime number?
True
Is 164029303 a prime number?
True
Is 1004944807 a composite number?
False
Is 31451201 composite?
False
Is 159658973 a prime number?
True
Is 69128011 a prime number?
True
Is 11083123 prime?
False
Is 2903609 prime?
False
Is 725233 a composite number?
True
Is 94079351 a prime number?
True
Is 376841037 a prime number?
False
Is 2721307 composite?
False
Is 235020701 prime?
False
Is 149404439 composite?
True
Is 7630661 prime?
False
Is 27149631 a composite number?
True
Is 70929913 a prime number?
False
Is 136947133 prime?
True
Is 4047169 prime?
False
Is 237257 a composite number?
False
Is 10254989 composite?
True
Is 347183 a prime number?
True
Is 5841821 composite?
False
Is 3889801 prime?
True
Is 1927063 prime?
False
Is 1660177 composite?
False
Is 499879 a prime number?
True
Is 1817219 prime?
False
Is 115499 a prime number?
True
Is 50501497 a prime number?
False
Is 44955839 composite?
False
Is 188455 a prime number?
False
Is 228132349 composite?
False
Is 370427137 prime?
True
Is 3957637 composite?
False
Is 310399 a prime number?
False
Is 369682273 prime?
True
Is 4591247 a composite number?
True
Is 7991653 prime?
True
Is 2162471 composite?
True
Is 1309303 composite?
True
Is 78416179 composite?
False
Is 5807591 composite?
True
Is 3417061 composite?
True
Is 9360433 composite?
True
Is 48690385 composite?
True
Is 52060271 prime?
True
Is 432553 composite?
True
Is 1967541 prime?
False
Is 124469 prime?
False
Is 135196937 prime?
False
Is 2531069 a prime number?
True
Is 24335297 a composite number?
True
Is 1312937 prime?
True
Is 28677221 prime?
False
Is 143220997 composite?
False
Is 19515203 composite?
False
Is 13551938 prime?
False
Is 6145583 a composite number?
False
Is 138821959 a prime number?
False
Is 628841 prime?
True
Is 2406919 a prime number?
True
Is 210741991 composite?
False
Is 101259167 composite?
False
Is 20487515 composite?
True
Is 6790417 prime?
False
Is 3374983 prime?
True
Is 77059 composite?
True
Is 34468999 a prime number?
True
Is 5392657 composite?
False
Is 1164461 a composite number?
False
Is 9835541 a prime number?
False
Is 73987283 a composite number?
True
Is 2894387 composite?
False
Is 227279015 prime?
False
Is 11195999 a prime number?
True
Is 1506049 prime?
False
Is 17485277 composite?
True
Is 1731823 prime?
True
Is 16797635 a composite number?
True
Is 30709031 a composite number?
False
Is 4141799 composite?
False
Is 2521793 a composite number?
True
Is 29937821 a composite number?
False
Is 11549051 a composite number?
False
Is 8056837 a composite number?
False
Is 474118769 a composite number?
True
Is 69989279 a prime number?
True
Is 4107269 composite?
True
Is 142453067 composite?
True
Is 206486999 prime?
True
Is 4022321 a prime number?
False
Is 2596213 prime?
True
Is 42745883 prime?
True
Is 71858009 composite?
False
Is 454420061 prime?
True
Is 19805791 a prime number?
False
Is 6914183 a composite number?
True
Is 44377351 a composite number?
False
Is 626189 prime?
True
Is 1426379 prime?
True
Is 45115951 composite?
False
Is 22143263 a composite number?
False
Is 284197 composite?
True
Is 5565935 a prime number?
False
Is 455155021 a prime number?
True
Is 39848933 composite?
True
Is 7523447 composite?
True
Is 50188477 composite?
False
Is 28489127 a prime number?
False
Is 421347959 a composite number?
True
Is 29100397 a composite number?
False
Is 271274053 a prime number?
False
Is 46858121 prime?
False
Is 1558771 prime?
True
Is 11488283 a composite number?
False
Is 1821749 prime?
True
Is 186891769 a composite number?
True
Is 10711781 a prime number?
True
Is 271081 composite?
True
Is 7840709 prime?
True
Is 6790127 prime?
False
Is 109407689 a prime number?
True
Is 8072971 a prime number?
True
Is 22381291 a composite number?
False
Is 143323 composite?
True
Is 4304777 prime?
False
Is 35451691 a prime number?
False
Is 1911347 a composite number?
False
Is 308488931 a prime number?
False
Is 228495221 prime?
True
Is 2576974 composite?
True
Is 163008663 a prime numb